{"id":1224,"date":"2020-03-12T11:27:54","date_gmt":"2020-03-12T10:27:54","guid":{"rendered":"http:\/\/www.alp-apart.tirol\/?page_id=1224"},"modified":"2020-03-12T11:55:28","modified_gmt":"2020-03-12T10:55:28","slug":"impressum","status":"publish","type":"page","link":"https:\/\/www.alp-apart.tirol\/?page_id=1224","title":{"rendered":"Impressum"},"content":{"rendered":"\t\t<div data-elementor-type=\"wp-page\" data-elementor-id=\"1224\" class=\"elementor elementor-1224\" data-elementor-settings=\"[]\">\n\t\t\t\t\t\t<div class=\"elementor-inner\">\n\t\t\t\t\t\t\t<div class=\"elementor-section-wrap\">\n\t\t\t\t\t\t\t<section class=\"elementor-section elementor-top-section elementor-element elementor-element-491de519 elementor-section-content-middle elementor-section-boxed elementor-section-height-default elementor-section-height-default\" data-id=\"491de519\" data-element_type=\"section\">\n\t\t\t\t\t\t<div class=\"elementor-container elementor-column-gap-default\">\n\t\t\t\t\t\t\t<div class=\"elementor-row\">\n\t\t\t\t\t<div class=\"elementor-column elementor-col-100 elementor-top-column elementor-element elementor-element-3a69df98\" data-id=\"3a69df98\" data-element_type=\"column\">\n\t\t\t<div class=\"elementor-column-wrap elementor-element-populated\">\n\t\t\t\t\t\t\t<div class=\"elementor-widget-wrap\">\n\t\t\t\t\t\t<div class=\"elementor-element elementor-element-5a87d3f elementor-widget elementor-widget-text-editor\" data-id=\"5a87d3f\" data-element_type=\"widget\" data-widget_type=\"text-editor.default\">\n\t\t\t\t<div class=\"elementor-widget-container\">\n\t\t\t\t\t\t\t\t<div class=\"elementor-text-editor elementor-clearfix\">\n\t\t\t\t<!-- wp:heading -->\n<h2>ALP APART TIROL<\/h2>\n<!-- \/wp:heading -->\n\n<!-- wp:paragraph -->\n<p>Lukas Stecher<br>Habichen 66a<br>6433 Oetz, Tirol, \u00d6sterreich<\/p>\n<!-- \/wp:paragraph -->\n\n<!-- wp:paragraph -->\n<p>Tel: +43 (0) 650 4455093<br>E-Mail: info@alp-apart.tirol<\/p>\n<!-- \/wp:paragraph -->\n\n<!-- wp:paragraph -->\n<p>Angaben zur Online-Streitbeilegung: Verbraucher haben die \nM\u00f6glichkeit, Beschwerden an die OnlineStreitbeilegungsplattform der EU \nzu richten: http:\/\/ec.europa.eu\/odr.<br>Sie k\u00f6nnen allf\u00e4llige Beschwerde auch an die oben angegebene E-Mail-Adresse richten.<\/p>\n<!-- \/wp:paragraph -->\n\n<!-- wp:paragraph -->\n<p>Haftungsausschluss (Hyperlinkhaftung)<br>Mit dem Urteil vom 12. Mai  1998 hat das Landgericht Hamburg entschieden, dass man durch die  Anbringung eines Links die Inhalte der gelinkten Seiten ggf. mit zu  verantworten hat. Dies kann nur dadurch verhindert werden, dass man sich  ausdr\u00fccklich von diesem Inhalt distanziert. F\u00fcr alle Links auf dieser  Homepage gilt: Ich distanziere mich hiermit ausdr\u00fccklich von allen  Inhalten aller gelinkten Seiten auf meiner Homepage und mache mir diese  Inhalte nicht zu Eigen.<\/p>\n<!-- \/wp:paragraph -->\n\n<!-- wp:paragraph -->\n<p><strong>Technische Umsetzung<\/strong>:<br>ATLAS IT gmbh | bookintyrol.at<\/p>\n<!-- \/wp:paragraph -->\n\n<!-- wp:paragraph -->\n<p><strong>Bilder:<\/strong><br>Bildarchiv \u00d6tztal Tourimus, unsplash.com, Privat<\/p>\n<!-- \/wp:paragraph -->\t\t\t\t\t<\/div>\n\t\t\t\t\t\t<\/div>\n\t\t\t\t<\/div>\n\t\t\t\t\t\t<\/div>\n\t\t\t\t\t<\/div>\n\t\t<\/div>\n\t\t\t\t\t\t\t\t<\/div>\n\t\t\t\t\t<\/div>\n\t\t<\/section>\n\t\t\t\t\t\t<\/div>\n\t\t\t\t\t\t<\/div>\n\t\t\t\t\t<\/div>\n\t\t","protected":false},"excerpt":{"rendered":"<p>ALP APART TIROL Lukas StecherHabichen 66a6433 Oetz, Tirol, \u00d6sterreich Tel: +43 (0) 650 4455093E-Mail: info@alp-apart.tirol Angaben zur Online-Streitbeilegung: Verbraucher haben die M\u00f6glichkeit, Beschwerden an die OnlineStreitbeilegungsplattform der EU zu richten: http:\/\/ec.europa.eu\/odr.Sie k\u00f6nnen allf\u00e4llige Beschwerde auch an die oben angegebene E-Mail-Adresse richten. Haftungsausschluss (Hyperlinkhaftung)Mit dem Urteil vom 12. Mai 1998 hat das Landgericht Hamburg entschieden, dass [&hellip;]<\/p>\n","protected":false},"author":1,"featured_media":0,"parent":0,"menu_order":0,"comment_status":"closed","ping_status":"closed","template":"elementor_header_footer","meta":[],"aioseo_notices":[],"_links":{"self":[{"href":"https:\/\/www.alp-apart.tirol\/index.php?rest_route=\/wp\/v2\/pages\/1224"}],"collection":[{"href":"https:\/\/www.alp-apart.tirol\/index.php?rest_route=\/wp\/v2\/pages"}],"about":[{"href":"https:\/\/www.alp-apart.tirol\/index.php?rest_route=\/wp\/v2\/types\/page"}],"author":[{"embeddable":true,"href":"https:\/\/www.alp-apart.tirol\/index.php?rest_route=\/wp\/v2\/users\/1"}],"replies":[{"embeddable":true,"href":"https:\/\/www.alp-apart.tirol\/index.php?rest_route=%2Fwp%2Fv2%2Fcomments&post=1224"}],"version-history":[{"count":3,"href":"https:\/\/www.alp-apart.tirol\/index.php?rest_route=\/wp\/v2\/pages\/1224\/revisions"}],"predecessor-version":[{"id":1248,"href":"https:\/\/www.alp-apart.tirol\/index.php?rest_route=\/wp\/v2\/pages\/1224\/revisions\/1248"}],"wp:attachment":[{"href":"https:\/\/www.alp-apart.tirol\/index.php?rest_route=%2Fwp%2Fv2%2Fmedia&parent=1224"}],"curies":[{"name":"wp","href":"https:\/\/api.w.org\/{rel}","templated":true}]}}